{"id":678,"date":"2025-12-19T12:02:48","date_gmt":"2025-12-19T12:02:48","guid":{"rendered":"https:\/\/mmi24d07.mmi-troyes.fr\/sae302\/?page_id=678"},"modified":"2025-12-19T12:07:23","modified_gmt":"2025-12-19T12:07:23","slug":"tout-savoir-sur-linterdiction-du-tpo","status":"publish","type":"page","link":"https:\/\/mmi24d07.mmi-troyes.fr\/sae302\/tout-savoir-sur-linterdiction-du-tpo\/","title":{"rendered":"Tout savoir sur l&rsquo;interdiction du TPO"},"content":{"rendered":"\t\t<div data-elementor-type=\"wp-page\" data-elementor-id=\"678\" class=\"elementor elementor-678\" data-elementor-post-type=\"page\">\n\t\t\t\t<div class=\"elementor-element elementor-element-0fc9399 e-flex e-con-boxed e-con e-parent\" data-id=\"0fc9399\" data-element_type=\"container\">\n\t\t\t\t\t<div class=\"e-con-inner\">\n\t\t<div class=\"elementor-element elementor-element-00a47b1 e-con-full e-flex e-con e-child\" data-id=\"00a47b1\" data-element_type=\"container\">\n\t\t\t\t<div class=\"elementor-element elementor-element-3dbfe76 elementor-widget elementor-widget-heading\" data-id=\"3dbfe76\" data-element_type=\"widget\" data-widget_type=\"heading.default\">\n\t\t\t\t\t<h2 class=\"elementor-heading-title elementor-size-default\">Tout savoir sur l'interdiction du TPO<\/h2>\t\t\t\t<\/div>\n\t\t\t\t<div class=\"elementor-element elementor-element-fdb95a9 elementor-widget elementor-widget-text-editor\" data-id=\"fdb95a9\" data-element_type=\"widget\" data-widget_type=\"text-editor.default\">\n\t\t\t\t\t\t\t\t\t<h3 data-start=\"172\" data-end=\"205\">\ud83e\uddea Qu\u2019est-ce que le <strong data-start=\"196\" data-end=\"203\">TPO<\/strong> ?<\/h3><p data-start=\"207\" data-end=\"580\">Le <strong data-start=\"210\" data-end=\"217\">TPO<\/strong> (<em data-start=\"219\" data-end=\"261\">Trimethylbenzoyl Diphenylphosphine Oxide<\/em>) est une <strong data-start=\"271\" data-end=\"324\">substance chimique utilis\u00e9e comme photoinitiateur<\/strong> dans certains produits cosm\u00e9tiques, notamment dans les vernis semi-permanents et gels pour ongles. Il permet \u00e0 ces produits de <strong data-start=\"452\" data-end=\"494\">durcir rapidement sous lampe UV ou LED<\/strong> et d\u2019obtenir une finition brillante et durable.<\/p><hr data-start=\"582\" data-end=\"585\" \/><h3 data-start=\"587\" data-end=\"623\">\u274c Pourquoi est-il <strong data-start=\"609\" data-end=\"621\">interdit<\/strong> ?<\/h3><p data-start=\"625\" data-end=\"977\">L\u2019Union Europ\u00e9enne (UE) a <strong data-start=\"651\" data-end=\"703\">reclass\u00e9 le TPO comme substance CMR cat\u00e9gorie 1B<\/strong>, c\u2019est-\u00e0-dire <strong data-start=\"718\" data-end=\"766\">potentiellement toxique pour la reproduction<\/strong> (suspect\u00e9 d\u2019alt\u00e9rer la fertilit\u00e9 ou d\u2019avoir des effets sur le d\u00e9veloppement embryonnaire) ; ce classement repose sur des donn\u00e9es toxiques, notamment des \u00e9tudes sur animaux.<\/p><p data-start=\"979\" data-end=\"1265\">Selon la <strong data-start=\"988\" data-end=\"1037\">r\u00e9glementation europ\u00e9enne sur les cosm\u00e9tiques<\/strong>, les substances class\u00e9es CMR ne peuvent pas \u00eatre utilis\u00e9es dans les produits cosm\u00e9tiques, \u00e0 moins qu\u2019une exemption tr\u00e8s sp\u00e9cifique soit accord\u00e9e \u2014 ce qui n\u2019a <strong data-start=\"1196\" data-end=\"1226\">pas \u00e9t\u00e9 le cas pour le TPO<\/strong>.<\/p><hr data-start=\"1267\" data-end=\"1270\" \/><h3 data-start=\"1272\" data-end=\"1293\">\ud83d\udcc6 Depuis quand ?<\/h3><p data-start=\"1295\" data-end=\"1707\">L\u2019interdiction est <strong data-start=\"1314\" data-end=\"1357\">entr\u00e9e en vigueur le 1er septembre 2025<\/strong> dans toute l\u2019Union Europ\u00e9enne. \u00c0 partir de cette date :<br data-start=\"1413\" data-end=\"1416\" \/>\u2714\ufe0f Il est <strong data-start=\"1426\" data-end=\"1471\">ill\u00e9gal de vendre, utiliser ou distribuer<\/strong> des cosm\u00e9tiques contenant du TPO.<br data-start=\"1505\" data-end=\"1508\" \/>\u2714\ufe0f Les fabricants doivent retirer ces produits du march\u00e9.<br data-start=\"1565\" data-end=\"1568\" \/>\u2714\ufe0f Les salons professionnels ne peuvent plus utiliser ces produits, m\u00eame s\u2019ils \u00e9taient d\u00e9j\u00e0 en stock.<\/p><hr data-start=\"1709\" data-end=\"1712\" \/><h3 data-start=\"1714\" data-end=\"1760\">\ud83c\udfaf Quelles cons\u00e9quences pour l\u2019industrie ?<\/h3><p data-start=\"1762\" data-end=\"1793\">\ud83d\udc49 <strong data-start=\"1765\" data-end=\"1791\">Fabricants &amp; marques :<\/strong><\/p><ul data-start=\"1794\" data-end=\"2080\"><li data-start=\"1794\" data-end=\"1851\"><p data-start=\"1796\" data-end=\"1851\">Ils doivent reformuler leurs vernis ou gels sans TPO.<\/p><\/li><li data-start=\"1852\" data-end=\"2080\"><p data-start=\"1854\" data-end=\"2080\">Ils doivent r\u00e9viser leurs dossiers r\u00e9glementaires pour \u00eatre en conformit\u00e9.<br data-start=\"1928\" data-end=\"1931\" \/>Ne pas respecter cette interdiction peut entra\u00eener <strong data-start=\"1982\" data-end=\"2041\">des sanctions, des amendes, ou des probl\u00e8mes juridiques<\/strong>.<\/p><\/li><\/ul><p data-start=\"2082\" data-end=\"2116\">\ud83d\udc49 <strong data-start=\"2085\" data-end=\"2114\">Salons &amp; professionnels :<\/strong><\/p><ul data-start=\"2117\" data-end=\"2328\"><li data-start=\"2117\" data-end=\"2199\"><p data-start=\"2119\" data-end=\"2199\">Les produits TPO doivent \u00eatre retir\u00e9s et remplac\u00e9s par des alternatives s\u00fbres.<\/p><\/li><li data-start=\"2200\" data-end=\"2328\"><p data-start=\"2202\" data-end=\"2328\">Certains professionnels ont d\u00fb adapter leurs pratiques rapidement pour rester conformes.<\/p><\/li><\/ul><hr data-start=\"2330\" data-end=\"2333\" \/><h3 data-start=\"2335\" data-end=\"2369\">\ud83c\udf0d Et ailleurs dans le monde ?<\/h3><p data-start=\"2371\" data-end=\"2436\">L\u2019interdiction du TPO en Europe influence aussi d\u2019autres pays :<\/p><ul data-start=\"2437\" data-end=\"2900\"><li data-start=\"2437\" data-end=\"2579\"><p data-start=\"2439\" data-end=\"2579\"><strong data-start=\"2439\" data-end=\"2448\">Maroc<\/strong> a align\u00e9 sa r\u00e9glementation avec l\u2019UE et interdit \u00e0 son tour les produits contenant du TPO.<\/p><\/li><li data-start=\"2580\" data-end=\"2688\"><p data-start=\"2582\" data-end=\"2688\"><strong data-start=\"2582\" data-end=\"2597\">Royaume-Uni<\/strong> pr\u00e9voit une interdiction similaire d\u2019ici <strong data-start=\"2639\" data-end=\"2647\">2027<\/strong>.<\/p><\/li><li data-start=\"2689\" data-end=\"2900\"><p data-start=\"2691\" data-end=\"2900\"><strong data-start=\"2691\" data-end=\"2705\">\u00c9tats-Unis<\/strong> et d\u2019autres pays <strong data-start=\"2723\" data-end=\"2752\">n\u2019ont pas encore interdit<\/strong> le TPO, mais certains fabricants adaptent leurs formules pour r\u00e9pondre aux nouveaux standards internationaux.<\/p><\/li><\/ul><hr data-start=\"2902\" data-end=\"2905\" \/><h3 data-start=\"2907\" data-end=\"2954\">\ud83d\udca1 Quel avenir pour les produits sans TPO ?<\/h3><p data-start=\"2956\" data-end=\"3189\">La forte interdiction europ\u00e9enne a encourag\u00e9 l\u2019innovation. De nombreuses marques d\u00e9veloppent aujourd\u2019hui <strong data-start=\"3061\" data-end=\"3099\">formulations alternatives sans TPO<\/strong>, tout en gardant performance et tenue longue dur\u00e9e.<\/p>\t\t\t\t\t\t\t\t<\/div>\n\t\t\t\t<\/div>\n\t\t\t\t\t<\/div>\n\t\t\t\t<\/div>\n\t\t\t\t<\/div>\n\t\t","protected":false},"excerpt":{"rendered":"<p>Tout savoir sur l&rsquo;interdiction du TPO \ud83e\uddea Qu\u2019est-ce que le TPO ? Le TPO (Trimethylbenzoyl Diphenylphosphine Oxide) est une substance chimique utilis\u00e9e comme photoinitiateur dans certains produits cosm\u00e9tiques, notamment dans les vernis semi-permanents et gels pour ongles. Il permet \u00e0 ces produits de durcir rapidement sous lampe UV ou LED et d\u2019obtenir une finition brillante [&hellip;]<\/p>\n","protected":false},"author":1,"featured_media":0,"parent":0,"menu_order":0,"comment_status":"closed","ping_status":"closed","template":"","meta":{"_acf_changed":false,"footnotes":""},"class_list":["post-678","page","type-page","status-publish","hentry"],"acf":[],"yoast_head":"<!-- This site is optimized with the Yoast SEO plugin v26.6 - https:\/\/yoast.com\/wordpress\/plugins\/seo\/ -->\n<title>Tout savoir sur l&#039;interdiction du TPO - Site de Laur\u00e8ne<\/title>\n<meta name=\"robots\" content=\"index, follow, max-snippet:-1, max-image-preview:large, max-video-preview:-1\" \/>\n<link rel=\"canonical\" href=\"https:\/\/mmi24d07.mmi-troyes.fr\/sae302\/tout-savoir-sur-linterdiction-du-tpo\/\" \/>\n<meta property=\"og:locale\" content=\"fr_FR\" \/>\n<meta property=\"og:type\" content=\"article\" \/>\n<meta property=\"og:title\" content=\"Tout savoir sur l&#039;interdiction du TPO - Site de Laur\u00e8ne\" \/>\n<meta property=\"og:description\" content=\"Tout savoir sur l&rsquo;interdiction du TPO \ud83e\uddea Qu\u2019est-ce que le TPO ? Le TPO (Trimethylbenzoyl Diphenylphosphine Oxide) est une substance chimique utilis\u00e9e comme photoinitiateur dans certains produits cosm\u00e9tiques, notamment dans les vernis semi-permanents et gels pour ongles. Il permet \u00e0 ces produits de durcir rapidement sous lampe UV ou LED et d\u2019obtenir une finition brillante [&hellip;]\" \/>\n<meta property=\"og:url\" content=\"https:\/\/mmi24d07.mmi-troyes.fr\/sae302\/tout-savoir-sur-linterdiction-du-tpo\/\" \/>\n<meta property=\"og:site_name\" content=\"Site de Laur\u00e8ne\" \/>\n<meta property=\"article:modified_time\" content=\"2025-12-19T12:07:23+00:00\" \/>\n<meta name=\"twitter:card\" content=\"summary_large_image\" \/>\n<meta name=\"twitter:label1\" content=\"Est. reading time\" \/>\n\t<meta name=\"twitter:data1\" content=\"2 minutes\" \/>\n<script type=\"application\/ld+json\" class=\"yoast-schema-graph\">{\"@context\":\"https:\/\/schema.org\",\"@graph\":[{\"@type\":\"WebPage\",\"@id\":\"https:\/\/mmi24d07.mmi-troyes.fr\/sae302\/tout-savoir-sur-linterdiction-du-tpo\/\",\"url\":\"https:\/\/mmi24d07.mmi-troyes.fr\/sae302\/tout-savoir-sur-linterdiction-du-tpo\/\",\"name\":\"Tout savoir sur l'interdiction du TPO - Site de Laur\u00e8ne\",\"isPartOf\":{\"@id\":\"https:\/\/mmi24d07.mmi-troyes.fr\/sae302\/#website\"},\"datePublished\":\"2025-12-19T12:02:48+00:00\",\"dateModified\":\"2025-12-19T12:07:23+00:00\",\"breadcrumb\":{\"@id\":\"https:\/\/mmi24d07.mmi-troyes.fr\/sae302\/tout-savoir-sur-linterdiction-du-tpo\/#breadcrumb\"},\"inLanguage\":\"fr-FR\",\"potentialAction\":[{\"@type\":\"ReadAction\",\"target\":[\"https:\/\/mmi24d07.mmi-troyes.fr\/sae302\/tout-savoir-sur-linterdiction-du-tpo\/\"]}]},{\"@type\":\"BreadcrumbList\",\"@id\":\"https:\/\/mmi24d07.mmi-troyes.fr\/sae302\/tout-savoir-sur-linterdiction-du-tpo\/#breadcrumb\",\"itemListElement\":[{\"@type\":\"ListItem\",\"position\":1,\"name\":\"Home\",\"item\":\"https:\/\/mmi24d07.mmi-troyes.fr\/sae302\/\"},{\"@type\":\"ListItem\",\"position\":2,\"name\":\"Tout savoir sur l&rsquo;interdiction du TPO\"}]},{\"@type\":\"WebSite\",\"@id\":\"https:\/\/mmi24d07.mmi-troyes.fr\/sae302\/#website\",\"url\":\"https:\/\/mmi24d07.mmi-troyes.fr\/sae302\/\",\"name\":\"Site de Laur\u00e8ne\",\"description\":\"\",\"publisher\":{\"@id\":\"https:\/\/mmi24d07.mmi-troyes.fr\/sae302\/#organization\"},\"potentialAction\":[{\"@type\":\"SearchAction\",\"target\":{\"@type\":\"EntryPoint\",\"urlTemplate\":\"https:\/\/mmi24d07.mmi-troyes.fr\/sae302\/?s={search_term_string}\"},\"query-input\":{\"@type\":\"PropertyValueSpecification\",\"valueRequired\":true,\"valueName\":\"search_term_string\"}}],\"inLanguage\":\"fr-FR\"},{\"@type\":\"Organization\",\"@id\":\"https:\/\/mmi24d07.mmi-troyes.fr\/sae302\/#organization\",\"name\":\"Site de Laur\u00e8ne\",\"url\":\"https:\/\/mmi24d07.mmi-troyes.fr\/sae302\/\",\"logo\":{\"@type\":\"ImageObject\",\"inLanguage\":\"fr-FR\",\"@id\":\"https:\/\/mmi24d07.mmi-troyes.fr\/sae302\/#\/schema\/logo\/image\/\",\"url\":\"https:\/\/mmi24d07.mmi-troyes.fr\/sae302\/wp-content\/uploads\/2025\/11\/logo-lunea-2-scaled.png\",\"contentUrl\":\"https:\/\/mmi24d07.mmi-troyes.fr\/sae302\/wp-content\/uploads\/2025\/11\/logo-lunea-2-scaled.png\",\"width\":2560,\"height\":2560,\"caption\":\"Site de Laur\u00e8ne\"},\"image\":{\"@id\":\"https:\/\/mmi24d07.mmi-troyes.fr\/sae302\/#\/schema\/logo\/image\/\"}}]}<\/script>\n<!-- \/ Yoast SEO plugin. -->","yoast_head_json":{"title":"Tout savoir sur l'interdiction du TPO - Site de Laur\u00e8ne","robots":{"index":"index","follow":"follow","max-snippet":"max-snippet:-1","max-image-preview":"max-image-preview:large","max-video-preview":"max-video-preview:-1"},"canonical":"https:\/\/mmi24d07.mmi-troyes.fr\/sae302\/tout-savoir-sur-linterdiction-du-tpo\/","og_locale":"fr_FR","og_type":"article","og_title":"Tout savoir sur l'interdiction du TPO - Site de Laur\u00e8ne","og_description":"Tout savoir sur l&rsquo;interdiction du TPO \ud83e\uddea Qu\u2019est-ce que le TPO ? Le TPO (Trimethylbenzoyl Diphenylphosphine Oxide) est une substance chimique utilis\u00e9e comme photoinitiateur dans certains produits cosm\u00e9tiques, notamment dans les vernis semi-permanents et gels pour ongles. Il permet \u00e0 ces produits de durcir rapidement sous lampe UV ou LED et d\u2019obtenir une finition brillante [&hellip;]","og_url":"https:\/\/mmi24d07.mmi-troyes.fr\/sae302\/tout-savoir-sur-linterdiction-du-tpo\/","og_site_name":"Site de Laur\u00e8ne","article_modified_time":"2025-12-19T12:07:23+00:00","twitter_card":"summary_large_image","twitter_misc":{"Est. reading time":"2 minutes"},"schema":{"@context":"https:\/\/schema.org","@graph":[{"@type":"WebPage","@id":"https:\/\/mmi24d07.mmi-troyes.fr\/sae302\/tout-savoir-sur-linterdiction-du-tpo\/","url":"https:\/\/mmi24d07.mmi-troyes.fr\/sae302\/tout-savoir-sur-linterdiction-du-tpo\/","name":"Tout savoir sur l'interdiction du TPO - Site de Laur\u00e8ne","isPartOf":{"@id":"https:\/\/mmi24d07.mmi-troyes.fr\/sae302\/#website"},"datePublished":"2025-12-19T12:02:48+00:00","dateModified":"2025-12-19T12:07:23+00:00","breadcrumb":{"@id":"https:\/\/mmi24d07.mmi-troyes.fr\/sae302\/tout-savoir-sur-linterdiction-du-tpo\/#breadcrumb"},"inLanguage":"fr-FR","potentialAction":[{"@type":"ReadAction","target":["https:\/\/mmi24d07.mmi-troyes.fr\/sae302\/tout-savoir-sur-linterdiction-du-tpo\/"]}]},{"@type":"BreadcrumbList","@id":"https:\/\/mmi24d07.mmi-troyes.fr\/sae302\/tout-savoir-sur-linterdiction-du-tpo\/#breadcrumb","itemListElement":[{"@type":"ListItem","position":1,"name":"Home","item":"https:\/\/mmi24d07.mmi-troyes.fr\/sae302\/"},{"@type":"ListItem","position":2,"name":"Tout savoir sur l&rsquo;interdiction du TPO"}]},{"@type":"WebSite","@id":"https:\/\/mmi24d07.mmi-troyes.fr\/sae302\/#website","url":"https:\/\/mmi24d07.mmi-troyes.fr\/sae302\/","name":"Site de Laur\u00e8ne","description":"","publisher":{"@id":"https:\/\/mmi24d07.mmi-troyes.fr\/sae302\/#organization"},"potentialAction":[{"@type":"SearchAction","target":{"@type":"EntryPoint","urlTemplate":"https:\/\/mmi24d07.mmi-troyes.fr\/sae302\/?s={search_term_string}"},"query-input":{"@type":"PropertyValueSpecification","valueRequired":true,"valueName":"search_term_string"}}],"inLanguage":"fr-FR"},{"@type":"Organization","@id":"https:\/\/mmi24d07.mmi-troyes.fr\/sae302\/#organization","name":"Site de Laur\u00e8ne","url":"https:\/\/mmi24d07.mmi-troyes.fr\/sae302\/","logo":{"@type":"ImageObject","inLanguage":"fr-FR","@id":"https:\/\/mmi24d07.mmi-troyes.fr\/sae302\/#\/schema\/logo\/image\/","url":"https:\/\/mmi24d07.mmi-troyes.fr\/sae302\/wp-content\/uploads\/2025\/11\/logo-lunea-2-scaled.png","contentUrl":"https:\/\/mmi24d07.mmi-troyes.fr\/sae302\/wp-content\/uploads\/2025\/11\/logo-lunea-2-scaled.png","width":2560,"height":2560,"caption":"Site de Laur\u00e8ne"},"image":{"@id":"https:\/\/mmi24d07.mmi-troyes.fr\/sae302\/#\/schema\/logo\/image\/"}}]}},"_links":{"self":[{"href":"https:\/\/mmi24d07.mmi-troyes.fr\/sae302\/wp-json\/wp\/v2\/pages\/678","targetHints":{"allow":["GET"]}}],"collection":[{"href":"https:\/\/mmi24d07.mmi-troyes.fr\/sae302\/wp-json\/wp\/v2\/pages"}],"about":[{"href":"https:\/\/mmi24d07.mmi-troyes.fr\/sae302\/wp-json\/wp\/v2\/types\/page"}],"author":[{"embeddable":true,"href":"https:\/\/mmi24d07.mmi-troyes.fr\/sae302\/wp-json\/wp\/v2\/users\/1"}],"replies":[{"embeddable":true,"href":"https:\/\/mmi24d07.mmi-troyes.fr\/sae302\/wp-json\/wp\/v2\/comments?post=678"}],"version-history":[{"count":8,"href":"https:\/\/mmi24d07.mmi-troyes.fr\/sae302\/wp-json\/wp\/v2\/pages\/678\/revisions"}],"predecessor-version":[{"id":709,"href":"https:\/\/mmi24d07.mmi-troyes.fr\/sae302\/wp-json\/wp\/v2\/pages\/678\/revisions\/709"}],"wp:attachment":[{"href":"https:\/\/mmi24d07.mmi-troyes.fr\/sae302\/wp-json\/wp\/v2\/media?parent=678"}],"curies":[{"name":"wp","href":"https:\/\/api.w.org\/{rel}","templated":true}]}}