{"id":126,"date":"2025-11-17T12:40:05","date_gmt":"2025-11-17T12:40:05","guid":{"rendered":"https:\/\/mmi24d07.mmi-troyes.fr\/sae302\/?page_id=126"},"modified":"2025-12-19T12:13:40","modified_gmt":"2025-12-19T12:13:40","slug":"mentions-legales","status":"publish","type":"page","link":"https:\/\/mmi24d07.mmi-troyes.fr\/sae302\/mentions-legales\/","title":{"rendered":"Mentions l\u00e9gales"},"content":{"rendered":"\t\t<div data-elementor-type=\"wp-page\" data-elementor-id=\"126\" class=\"elementor elementor-126\" data-elementor-post-type=\"page\">\n\t\t\t\t<div class=\"elementor-element elementor-element-bacdf60 e-flex e-con-boxed e-con e-parent\" data-id=\"bacdf60\" data-element_type=\"container\">\n\t\t\t\t\t<div class=\"e-con-inner\">\n\t\t\t\t<div class=\"elementor-element elementor-element-7dbd183 elementor-widget elementor-widget-heading\" data-id=\"7dbd183\" data-element_type=\"widget\" data-widget_type=\"heading.default\">\n\t\t\t\t\t<h2 class=\"elementor-heading-title elementor-size-default\">Mentions l\u00e9gales<\/h2>\t\t\t\t<\/div>\n\t\t\t\t<div class=\"elementor-element elementor-element-2c93550 elementor-widget elementor-widget-text-editor\" data-id=\"2c93550\" data-element_type=\"widget\" data-widget_type=\"text-editor.default\">\n\t\t\t\t\t\t\t\t\t<h2>1. \u00c9diteur du site<\/h2><p>Nom du site : Lun\u00e9a Cosm\u00e9tics<\/p><p>Responsable de la publication : Laur\u00e8ne Henriot<\/p><p>Statut : Etudiante en BUT MMI<\/p><p>Adresse : Rue Qu\u00e9bec, Troyes<\/p><p>E-mail : Laurene.henriot@etudiante.univ-reims.fr<\/p><p>T\u00e9l\u00e9phone : 03.04.05.06.07<\/p><div><hr \/><\/div><h2>2. H\u00e9bergement<\/h2><p>H\u00e9bergeur : PulseHeberg<\/p><p>T\u00e9l\u00e9phone : 03.04.05.06.07<\/p><p>Site web : www.pulseheberg.fr<\/p><div><hr \/><\/div><h2>3. Propri\u00e9t\u00e9 intellectuelle<\/h2><p>L\u2019ensemble du contenu pr\u00e9sent sur ce site (textes, images, logos, graphismes, vid\u00e9os, ic\u00f4nes, sons, etc.) est prot\u00e9g\u00e9 par le droit d\u2019auteur et reste la propri\u00e9t\u00e9 exclusive de l\u2019\u00e9diteur du site, sauf mention contraire.<\/p><p>Toute reproduction, repr\u00e9sentation, modification, publication ou adaptation, totale ou partielle, des \u00e9l\u00e9ments du site est interdite sans autorisation \u00e9crite pr\u00e9alable.<\/p><div><hr \/><\/div><h2>4. Responsabilit\u00e9<\/h2><p>L\u2019\u00e9diteur du site met tout en \u0153uvre pour fournir des informations fiables et \u00e0 jour. Toutefois, il ne saurait \u00eatre tenu responsable des erreurs, omissions ou d\u2019une mauvaise utilisation des informations diffus\u00e9es sur le site.<\/p><div><hr \/><\/div><h2>5. Donn\u00e9es personnelles<\/h2><p>Les donn\u00e9es personnelles collect\u00e9es via le site sont trait\u00e9es dans le respect de la r\u00e9glementation en vigueur (RGPD). Pour plus d\u2019informations, veuillez consulter la politique de cookies et de confidentialit\u00e9 ci-dessous.<\/p><p>\u00a0<\/p><p>\u00a0<\/p>\t\t\t\t\t\t\t\t<\/div>\n\t\t\t\t\t<\/div>\n\t\t\t\t<\/div>\n\t\t\t\t<\/div>\n\t\t","protected":false},"excerpt":{"rendered":"<p>Mentions l\u00e9gales 1. \u00c9diteur du site Nom du site : Lun\u00e9a Cosm\u00e9tics Responsable de la publication : Laur\u00e8ne Henriot Statut : Etudiante en BUT MMI Adresse : Rue Qu\u00e9bec, Troyes E-mail : Laurene.henriot@etudiante.univ-reims.fr T\u00e9l\u00e9phone : 03.04.05.06.07 2. H\u00e9bergement H\u00e9bergeur : PulseHeberg T\u00e9l\u00e9phone : 03.04.05.06.07 Site web : www.pulseheberg.fr 3. Propri\u00e9t\u00e9 intellectuelle L\u2019ensemble du contenu pr\u00e9sent [&hellip;]<\/p>\n","protected":false},"author":1,"featured_media":0,"parent":0,"menu_order":0,"comment_status":"closed","ping_status":"closed","template":"","meta":{"_acf_changed":false,"footnotes":""},"class_list":["post-126","page","type-page","status-publish","hentry"],"acf":[],"yoast_head":"<!-- This site is optimized with the Yoast SEO plugin v26.6 - https:\/\/yoast.com\/wordpress\/plugins\/seo\/ -->\n<title>Mentions l\u00e9gales - Site de Laur\u00e8ne<\/title>\n<meta name=\"robots\" content=\"index, follow, max-snippet:-1, max-image-preview:large, max-video-preview:-1\" \/>\n<link rel=\"canonical\" href=\"https:\/\/mmi24d07.mmi-troyes.fr\/sae302\/mentions-legales\/\" \/>\n<meta property=\"og:locale\" content=\"fr_FR\" \/>\n<meta property=\"og:type\" content=\"article\" \/>\n<meta property=\"og:title\" content=\"Mentions l\u00e9gales - Site de Laur\u00e8ne\" \/>\n<meta property=\"og:description\" content=\"Mentions l\u00e9gales 1. \u00c9diteur du site Nom du site : Lun\u00e9a Cosm\u00e9tics Responsable de la publication : Laur\u00e8ne Henriot Statut : Etudiante en BUT MMI Adresse : Rue Qu\u00e9bec, Troyes E-mail : Laurene.henriot@etudiante.univ-reims.fr T\u00e9l\u00e9phone : 03.04.05.06.07 2. H\u00e9bergement H\u00e9bergeur : PulseHeberg T\u00e9l\u00e9phone : 03.04.05.06.07 Site web : www.pulseheberg.fr 3. Propri\u00e9t\u00e9 intellectuelle L\u2019ensemble du contenu pr\u00e9sent [&hellip;]\" \/>\n<meta property=\"og:url\" content=\"https:\/\/mmi24d07.mmi-troyes.fr\/sae302\/mentions-legales\/\" \/>\n<meta property=\"og:site_name\" content=\"Site de Laur\u00e8ne\" \/>\n<meta property=\"article:modified_time\" content=\"2025-12-19T12:13:40+00:00\" \/>\n<meta name=\"twitter:card\" content=\"summary_large_image\" \/>\n<meta name=\"twitter:label1\" content=\"Est. reading time\" \/>\n\t<meta name=\"twitter:data1\" content=\"1 minute\" \/>\n<script type=\"application\/ld+json\" class=\"yoast-schema-graph\">{\"@context\":\"https:\/\/schema.org\",\"@graph\":[{\"@type\":\"WebPage\",\"@id\":\"https:\/\/mmi24d07.mmi-troyes.fr\/sae302\/mentions-legales\/\",\"url\":\"https:\/\/mmi24d07.mmi-troyes.fr\/sae302\/mentions-legales\/\",\"name\":\"Mentions l\u00e9gales - Site de Laur\u00e8ne\",\"isPartOf\":{\"@id\":\"https:\/\/mmi24d07.mmi-troyes.fr\/sae302\/#website\"},\"datePublished\":\"2025-11-17T12:40:05+00:00\",\"dateModified\":\"2025-12-19T12:13:40+00:00\",\"breadcrumb\":{\"@id\":\"https:\/\/mmi24d07.mmi-troyes.fr\/sae302\/mentions-legales\/#breadcrumb\"},\"inLanguage\":\"fr-FR\",\"potentialAction\":[{\"@type\":\"ReadAction\",\"target\":[\"https:\/\/mmi24d07.mmi-troyes.fr\/sae302\/mentions-legales\/\"]}]},{\"@type\":\"BreadcrumbList\",\"@id\":\"https:\/\/mmi24d07.mmi-troyes.fr\/sae302\/mentions-legales\/#breadcrumb\",\"itemListElement\":[{\"@type\":\"ListItem\",\"position\":1,\"name\":\"Home\",\"item\":\"https:\/\/mmi24d07.mmi-troyes.fr\/sae302\/\"},{\"@type\":\"ListItem\",\"position\":2,\"name\":\"Mentions l\u00e9gales\"}]},{\"@type\":\"WebSite\",\"@id\":\"https:\/\/mmi24d07.mmi-troyes.fr\/sae302\/#website\",\"url\":\"https:\/\/mmi24d07.mmi-troyes.fr\/sae302\/\",\"name\":\"Site de Laur\u00e8ne\",\"description\":\"\",\"publisher\":{\"@id\":\"https:\/\/mmi24d07.mmi-troyes.fr\/sae302\/#organization\"},\"potentialAction\":[{\"@type\":\"SearchAction\",\"target\":{\"@type\":\"EntryPoint\",\"urlTemplate\":\"https:\/\/mmi24d07.mmi-troyes.fr\/sae302\/?s={search_term_string}\"},\"query-input\":{\"@type\":\"PropertyValueSpecification\",\"valueRequired\":true,\"valueName\":\"search_term_string\"}}],\"inLanguage\":\"fr-FR\"},{\"@type\":\"Organization\",\"@id\":\"https:\/\/mmi24d07.mmi-troyes.fr\/sae302\/#organization\",\"name\":\"Site de Laur\u00e8ne\",\"url\":\"https:\/\/mmi24d07.mmi-troyes.fr\/sae302\/\",\"logo\":{\"@type\":\"ImageObject\",\"inLanguage\":\"fr-FR\",\"@id\":\"https:\/\/mmi24d07.mmi-troyes.fr\/sae302\/#\/schema\/logo\/image\/\",\"url\":\"https:\/\/mmi24d07.mmi-troyes.fr\/sae302\/wp-content\/uploads\/2025\/11\/logo-lunea-2-scaled.png\",\"contentUrl\":\"https:\/\/mmi24d07.mmi-troyes.fr\/sae302\/wp-content\/uploads\/2025\/11\/logo-lunea-2-scaled.png\",\"width\":2560,\"height\":2560,\"caption\":\"Site de Laur\u00e8ne\"},\"image\":{\"@id\":\"https:\/\/mmi24d07.mmi-troyes.fr\/sae302\/#\/schema\/logo\/image\/\"}}]}<\/script>\n<!-- \/ Yoast SEO plugin. -->","yoast_head_json":{"title":"Mentions l\u00e9gales - Site de Laur\u00e8ne","robots":{"index":"index","follow":"follow","max-snippet":"max-snippet:-1","max-image-preview":"max-image-preview:large","max-video-preview":"max-video-preview:-1"},"canonical":"https:\/\/mmi24d07.mmi-troyes.fr\/sae302\/mentions-legales\/","og_locale":"fr_FR","og_type":"article","og_title":"Mentions l\u00e9gales - Site de Laur\u00e8ne","og_description":"Mentions l\u00e9gales 1. \u00c9diteur du site Nom du site : Lun\u00e9a Cosm\u00e9tics Responsable de la publication : Laur\u00e8ne Henriot Statut : Etudiante en BUT MMI Adresse : Rue Qu\u00e9bec, Troyes E-mail : Laurene.henriot@etudiante.univ-reims.fr T\u00e9l\u00e9phone : 03.04.05.06.07 2. H\u00e9bergement H\u00e9bergeur : PulseHeberg T\u00e9l\u00e9phone : 03.04.05.06.07 Site web : www.pulseheberg.fr 3. Propri\u00e9t\u00e9 intellectuelle L\u2019ensemble du contenu pr\u00e9sent [&hellip;]","og_url":"https:\/\/mmi24d07.mmi-troyes.fr\/sae302\/mentions-legales\/","og_site_name":"Site de Laur\u00e8ne","article_modified_time":"2025-12-19T12:13:40+00:00","twitter_card":"summary_large_image","twitter_misc":{"Est. reading time":"1 minute"},"schema":{"@context":"https:\/\/schema.org","@graph":[{"@type":"WebPage","@id":"https:\/\/mmi24d07.mmi-troyes.fr\/sae302\/mentions-legales\/","url":"https:\/\/mmi24d07.mmi-troyes.fr\/sae302\/mentions-legales\/","name":"Mentions l\u00e9gales - Site de Laur\u00e8ne","isPartOf":{"@id":"https:\/\/mmi24d07.mmi-troyes.fr\/sae302\/#website"},"datePublished":"2025-11-17T12:40:05+00:00","dateModified":"2025-12-19T12:13:40+00:00","breadcrumb":{"@id":"https:\/\/mmi24d07.mmi-troyes.fr\/sae302\/mentions-legales\/#breadcrumb"},"inLanguage":"fr-FR","potentialAction":[{"@type":"ReadAction","target":["https:\/\/mmi24d07.mmi-troyes.fr\/sae302\/mentions-legales\/"]}]},{"@type":"BreadcrumbList","@id":"https:\/\/mmi24d07.mmi-troyes.fr\/sae302\/mentions-legales\/#breadcrumb","itemListElement":[{"@type":"ListItem","position":1,"name":"Home","item":"https:\/\/mmi24d07.mmi-troyes.fr\/sae302\/"},{"@type":"ListItem","position":2,"name":"Mentions l\u00e9gales"}]},{"@type":"WebSite","@id":"https:\/\/mmi24d07.mmi-troyes.fr\/sae302\/#website","url":"https:\/\/mmi24d07.mmi-troyes.fr\/sae302\/","name":"Site de Laur\u00e8ne","description":"","publisher":{"@id":"https:\/\/mmi24d07.mmi-troyes.fr\/sae302\/#organization"},"potentialAction":[{"@type":"SearchAction","target":{"@type":"EntryPoint","urlTemplate":"https:\/\/mmi24d07.mmi-troyes.fr\/sae302\/?s={search_term_string}"},"query-input":{"@type":"PropertyValueSpecification","valueRequired":true,"valueName":"search_term_string"}}],"inLanguage":"fr-FR"},{"@type":"Organization","@id":"https:\/\/mmi24d07.mmi-troyes.fr\/sae302\/#organization","name":"Site de Laur\u00e8ne","url":"https:\/\/mmi24d07.mmi-troyes.fr\/sae302\/","logo":{"@type":"ImageObject","inLanguage":"fr-FR","@id":"https:\/\/mmi24d07.mmi-troyes.fr\/sae302\/#\/schema\/logo\/image\/","url":"https:\/\/mmi24d07.mmi-troyes.fr\/sae302\/wp-content\/uploads\/2025\/11\/logo-lunea-2-scaled.png","contentUrl":"https:\/\/mmi24d07.mmi-troyes.fr\/sae302\/wp-content\/uploads\/2025\/11\/logo-lunea-2-scaled.png","width":2560,"height":2560,"caption":"Site de Laur\u00e8ne"},"image":{"@id":"https:\/\/mmi24d07.mmi-troyes.fr\/sae302\/#\/schema\/logo\/image\/"}}]}},"_links":{"self":[{"href":"https:\/\/mmi24d07.mmi-troyes.fr\/sae302\/wp-json\/wp\/v2\/pages\/126","targetHints":{"allow":["GET"]}}],"collection":[{"href":"https:\/\/mmi24d07.mmi-troyes.fr\/sae302\/wp-json\/wp\/v2\/pages"}],"about":[{"href":"https:\/\/mmi24d07.mmi-troyes.fr\/sae302\/wp-json\/wp\/v2\/types\/page"}],"author":[{"embeddable":true,"href":"https:\/\/mmi24d07.mmi-troyes.fr\/sae302\/wp-json\/wp\/v2\/users\/1"}],"replies":[{"embeddable":true,"href":"https:\/\/mmi24d07.mmi-troyes.fr\/sae302\/wp-json\/wp\/v2\/comments?post=126"}],"version-history":[{"count":7,"href":"https:\/\/mmi24d07.mmi-troyes.fr\/sae302\/wp-json\/wp\/v2\/pages\/126\/revisions"}],"predecessor-version":[{"id":695,"href":"https:\/\/mmi24d07.mmi-troyes.fr\/sae302\/wp-json\/wp\/v2\/pages\/126\/revisions\/695"}],"wp:attachment":[{"href":"https:\/\/mmi24d07.mmi-troyes.fr\/sae302\/wp-json\/wp\/v2\/media?parent=126"}],"curies":[{"name":"wp","href":"https:\/\/api.w.org\/{rel}","templated":true}]}}